7) to base 13.
8
6 (base 7) to base 12
6
Convert 10 (base 9) to base 12.
9
-26 (base 10) to base 14
-1c
-3 (base 14) to base 12
-3
7c (base 16) to base 4
1330
What is -22 (base 6) in base 14?
-10
What is -3 (base 9) in base 4?
-3
3 (base 13) to base 4
3
What is -1 (base 9) in base 3?
-1
Convert 654 (base 8) to base 11.
35a
What is -32 (base 4) in base 10?
-14
What is -8 (base 11) in base 16?
-8
What is 0 (base 2) in base 11?
0
-222 (base 6) to base 9
-105
What is 7 (base 14) in base 12?
7
Convert 220 (base 4) to base 9.
44
-1 (base 2) to base 10
-1
What is 19 (base 14) in base 13?
1a
Convert 143 (base 12) to base 14.
dd
Convert -6 (base 15) to base 3.
-20
Convert 1 (base 4) to base 6.
1
What is 2 (base 6) in base 2?
10
Convert 8 (base 16) to base 7.
11
Convert 10101 (base 2) to base 4.
111
What is 33 (base 6) in base 7?
30
-12 (base 9) to base 6
-15
What is -1 (base 4) in base 15?
-1
10 (base 9) to base 3
100
What is -1001 (base 3) in base 13?
-22
What is -21 (base 5) in base 4?
-23
Convert 263 (base 7) to base 16.
8f
-2 (base 9) to base 8
-2
What is 0 (base 4) in base 12?
0
Convert -20 (base 5) to base 9.
-11
Convert -2010 (base 5) to base 12.
-193
22 (base 15) to base 5
112
21 (base 9) to base 11
18
Convert a (base 11) to base 16.
a
Convert 15 (base 16) to base 10.
21
What is 2 (base 3) in base 2?
10
What is 11111 (base 2) in base 16?
1f
Convert 25 (base 11) to base 12.
23
What is 1242 (base 6) in base 15?
15e
Convert 2 (base 5) to base 8.
2
Convert 11 (base 3) to base 12.
4
Convert 2 (base 10) to base 9.
2
-23 (base 8) to base 5
-34
3 (base 15) to base 8
3
What is -3 (base 16) in base 8?
-3
10 (base 16) to base 3
121
-4 (base 9) to base 13
-4
What is -af (base 16) in base 9?
-214
4 (base 16) to base 14
4
What is -1 (base 2) in base 12?
-1
Convert 3 (base 15) to base 3.
10
What is 17 (base 8) in base 10?
15
What is 50 (base 11) in base 16?
37
-10000 (base 2) to base 10
-16
Convert 20 (base 8) to base 10.
16
a (base 15) to base 2
1010
What is 3 (base 14) in base 16?
3
Convert -1 (base 4) to base 8.
-1
What is -4d (base 14) in base 12?
-59
Convert 147 (base 13) to base 7.
444
What is 3 (base 13) in base 2?
11
What is -1 (base 13) in base 3?
-1
Convert 35 (base 13) to base 8.
54
What is 28 (base 13) in base 10?
34
0 (base 8) to base 15
0
What is -2 (base 9) in base 11?
-2
2 (base 3) to base 7
2
Convert 77 (base 10) to base 12.
65
What is 11 (base 6) in base 16?
7
What is -253 (base 7) in base 5?
-1021
What is -11120 (base 4) in base 11?
-293
What is -3 (base 4) in base 10?
-3
What is -2 (base 4) in base 6?
-2
What is -8 (base 14) in base 13?
-8
What is -177 (base 9) in base 8?
-227
110 (base 3) to base 8
14
Convert -130 (base 9) to base 10.
-108
What is -12 (base 6) in base 11?
-8
-10111 (base 2) to base 3
-212
Convert -2 (base 10) to base 5.
-2
What is -41 (base 7) in base 9?
-32
Convert 41 (base 5) to base 14.
17
Convert -5 (base 6) to base 16.
-5
What is 74 (base 12) in base 8?
130
What is -223 (base 5) in base 14?
-47
Convert -40 (base 13) to base 8.
-64
25 (base 7) to base 13
16
What is c (base 16) in base 11?
11
Convert 31 (base 8) to base 14.
1b
What is 4 (base 6) in base 3?
11
Convert -1 (base 16) to base 15.
-1
-31 (base 9) to base 7
-40
Convert 3 (base 5) to base 9.
3
Convert 4 (base 5) to base 2.
100
What is 1 (base 2) in base 13?
1
-43 (base 16) to base 14
-4b
-69 (base 10) to base 14
-4d
-2311 (base 5) to base 7
-652
What is 10000 (base 3) in base 15?
56
What is -7 (base 12) in base 5?
-12
What is 32 (base 5) in base 14?
13
Convert 3 (base 16) to base 15.
3
-120 (base 6) to base 3
-1210
Convert 160 (base 10) to base 15.
aa
Convert -1100 (base 4) to base 3.
-2222
23 (base 5) to base 7
16
What is -117 (base 13) in base 6?
-513
-3 (base 4) to base 8
-3
What is 1303 (base 5) in base 7?
410
Convert 21 (base 11) to base 8.
27
221 (base 3) to base 14
1b
Convert 236 (base 9) to base 2.
11000011
Convert 2 (base 8) to base 9.
2
Convert 20002 (base 3) to base 15.
ae
-101 (base 3) to base 6
-14
What is -4 (base 10) in base 2?
-100
What is 0 (base 16) in base 4?
0
What is 35 (base 14) in base 3?
1202
What is -1 (base 14) in base 2?
-1
What is 110 (base 8) in base 2?
1001000
What is -103 (base 10) in base 2?
-1100111
-45 (base 11) to base 9
-54
What is -1102 (base 5) in base 3?
-12122
9 (base 13) to base 5
14
Convert 93 (base 15) to base 16.
8a
What is -124 (base 7) in base 11?
-61
100 (base 2) to base 11
4
What is -10 (base 2) in base 10?
-2
What is 6 (base 12) in base 3?
20
0 (base 6) to base 11
0
Convert -a (base 13) to base 7.
-13
What is -3 (base 16) in base 9?
-3
What is 10000 (base 2) in base 12?
14
What is -201 (base 5) in base 16?
-33
7 (base 13) to base 6
11
-11112 (base 3) to base 15
-82
Convert 10011 (base 2) to base 6.
31
What is 1 (base 10) in base 14?
1
What is 193 (base 10) in base 7?
364
2 (base 8) to base 9
2
Convert 1 (base 5) to base 14.
1
What is -1c (base 15) in base 11?
-25
What is -126 (base 13) in base 15?
-d6
Convert 111101 (base 2) to base 11.
56
-3312 (base 4) to base 16
-f6
-234 (base 8) to base 5
-1111
-25 (base 10) to base 13
-1c
-cf (base 16) to base 11
-179
What is 1011 (base 2) in base 10?
11
29 (base 11) to base 15
21
-31 (base 6) to base 9
-21
Convert -9 (base 14) to base 16.
-9
148 (base 10) to base 11
125
Convert 5 (base 12) to base 16.
5
12 (base 6) to base 7
11
-123 (base 6) to base 2
-110011
What is 68 (base 13) in base 9?
105
What is 22 (base 6) in base 11?
13
Convert -4 (base 13) to base 8.
-4
-1030 (base 4) to base 9
-84
What is -144 (base 7) in base 8?
-121
What is -47 (base 12) in base 6?
-131
5 (base 16) to base 6
5
Convert 102 (base 9) to base 16.
53
1 (base 6) to base 10
1
Convert -21 (base 7) to base 9.
-16
What is -2 (base 16) in base 8?
-2
Convert -8 (base 9) to base 5.
-13
Convert 5b (base 15) to base 7.
152
Convert 2 (base 10) to base 12.
2
Convert -1222 (base 3) to base 9.
-58
35 (base 9) to base 10
32
-4 (base 8) to base 14
-4
Convert -33 (base 6) to base 3.
-210
-1a (base 13) to base 15
-18
What is 1 (base 10) in base 8?
1
What is -1110 (base 2) in base 16?
-e
-2 (base 11) to base 9
-2
Convert -2b (base 16) to base 3.
-1121
14 (base 5) to base 13
9
What is -27 (base 16) in base 13?
-30
What is 10 (base 2) in base 10?
2
What is -6 (base 11) in base 4?
-12
54 (base 7) to base 12
33
Convert -43 (base 10) to base 4.
-223
What is -5 (base 16) in base 4?
-11
What is a (base 11) in base 2?
1010
What is -1 (base 6) in base 16?
-1
What is -1c (base 14) in base 15?
-1b
Convert -1 (base 2) to base 3.
-1
-1101 (base 5) to base 7
-304
ec (base 15) to base 14
11c
110201 (base 3) to base 15
17d
7 (base 9) to base 6
11
11 (base 4) to base 6
5
What is -30 (base 14) in base 6?
-110
1020 (base 5) to base 12
b3
What is 21 (base 12) in base 6?
41
What is 118 (base 9) in base 13?
77
What is 21 (base 16) in base 4?
201
Convert 81 (base 10) to base 15.
56
What is 2 (base 5) in base 8?
2
-222 (base 3) to base 13
-20
What is -101000 (base 2) in base 6?
-104
-1 (base 9) to base 8
-1
31 (base 4) to base 8
15
Convert -57 (base 15) to base 6.
-214
What is 10 (base 6) in base 4?
12
What is -15 (base 11) in base 12?
-14
What is 230 (base 8) in base 5?
1102
What is -117 (base 8) in base 13?
-61
Convert -11 (base 2) to base 10.
-3
5 (base 16) to base 5
10
What is 603 (base 7) in base 2?
100101001
What is 16 (base 15) in base 13?
18
1220 (base 3) to base 10
51
Convert -2 (base 5) to base 15.
-2
What is 1 (base 15) in base 6?
1
22 (base 6) to base 12
12
Convert 1121 (base 4) to base 14.
65
What is -3 (base 16) in base 7?
-3
1100 (base 2) to base 11
11
Convert 3 (base 4) to base 6.
3
-5 (base 13) to base 15
-5
What is -23 (base 4) in base 2?
-1011
Convert 15 (base 10) to base 14.
11
-db (base 15) to base 12
-152
98 (base 15) to base 6
355
Convert -171 (base 14) to base 6.
-1211
Convert -100 (base 2) to base 6.
-4
What is 23 (base 15) in base 7?
45
Convert 342 (base 6) to base 10.
134
-41 (base 9) to base 7
-52
-2 (base 9) to base 6
-2
What is -1 (base 14) in base 11?
-1
What is 10 (base 2) in base 15?
2
Convert 1 (base 4) to base 7.
1
What is 334 (base 5) in base 12?
7a
Convert 224 (base 5) to base 4.
1000
33 (base 10) to base 6
53
Convert -244 (base 6) to base 7.
-202
What is -1001 (base 3) in base 16?
-1c
Convert -76 (